n base 7?
-116
Convert 1 (base 11) to base 3.
1
Convert 11 (base 3) to base 5.
4
What is 310 (base 8) in base 12?
148
-35 (base 10) to base 6
-55
1022 (base 3) to base 16
23
What is 7 (base 16) in base 9?
7
2 (base 9) to base 14
2
What is 12 (base 5) in base 4?
13
What is 18 (base 11) in base 16?
13
What is 13 (base 4) in base 13?
7
What is -22 (base 11) in base 2?
-11000
What is 15 (base 15) in base 2?
10100
1 (base 7) to base 11
1
-30 (base 8) to base 2
-11000
What is -58 (base 9) in base 13?
-41
60 (base 12) to base 9
80
What is -11 (base 14) in base 2?
-1111
-101101 (base 2) to base 8
-55
What is -130 (base 16) in base 14?
-17a
What is 1 (base 6) in base 2?
1
124 (base 6) to base 2
110100
0 (base 15) to base 5
0
Convert 12 (base 4) to base 10.
6
-155 (base 6) to base 15
-4b
What is a (base 16) in base 11?
a
Convert -c (base 16) to base 13.
-c
-4 (base 16) to base 13
-4
Convert -4 (base 10) to base 15.
-4
Convert -22 (base 9) to base 10.
-20
What is -9 (base 12) in base 16?
-9
1 (base 16) to base 6
1
Convert -3 (base 12) to base 14.
-3
What is -24 (base 8) in base 3?
-202
-112 (base 4) to base 8
-26
-4 (base 16) to base 11
-4
Convert 0 (base 6) to base 14.
0
-78 (base 14) to base 3
-10221
What is 101 (base 2) in base 8?
5
-23 (base 10) to base 2
-10111
Convert -10011 (base 2) to base 12.
-17
Convert -10 (base 2) to base 10.
-2
What is 10101 (base 3) in base 8?
133
What is 5 (base 12) in base 14?
5
Convert -40 (base 8) to base 12.
-28
Convert -34 (base 5) to base 9.
-21
What is -12 (base 13) in base 3?
-120
Convert -101 (base 4) to base 16.
-11
Convert -1033 (base 4) to base 12.
-67
-23 (base 11) to base 9
-27
What is -3 (base 7) in base 6?
-3
1 (base 3) to base 15
1
What is -11 (base 2) in base 14?
-3
111 (base 5) to base 9
34
Convert 111 (base 8) to base 7.
133
28 (base 11) to base 10
30
What is 13 (base 8) in base 6?
15
What is -37 (base 15) in base 12?
-44
What is 4 (base 12) in base 15?
4
Convert 214 (base 8) to base 7.
260
What is 38 (base 13) in base 5?
142
-17 (base 8) to base 14
-11
What is -31 (base 14) in base 2?
-101011
Convert -2 (base 13) to base 3.
-2
What is 13 (base 4) in base 14?
7
-154 (base 9) to base 5
-1010
-141 (base 5) to base 2
-101110
3 (base 6) to base 3
10
Convert -2 (base 11) to base 6.
-2
What is -30 (base 6) in base 8?
-22
What is -1b (base 12) in base 9?
-25
What is 1 (base 8) in base 12?
1
What is 8 (base 14) in base 6?
12
10101 (base 2) to base 4
111
-44 (base 7) to base 3
-1012
What is -b0 (base 13) in base 7?
-263
-7 (base 13) to base 15
-7
What is 9 (base 15) in base 6?
13
What is 215 (base 7) in base 3?
11002
What is 232 (base 9) in base 14?
d9
5 (base 14) to base 15
5
-2 (base 14) to base 15
-2
Convert 85 (base 16) to base 4.
2011
7 (base 12) to base 2
111
a3 (base 12) to base 11
102
4 (base 5) to base 13
4
4 (base 5) to base 3
11
10 (base 5) to base 14
5
-e0 (base 15) to base 11
-181
10 (base 6) to base 10
6
What is -7 (base 13) in base 10?
-7
-b (base 12) to base 15
-b
1 (base 13) to base 8
1
-d (base 14) to base 10
-13
What is 33 (base 7) in base 12?
20
4 (base 9) to base 2
100
5 (base 6) to base 12
5
What is 2 (base 14) in base 7?
2
-37 (base 9) to base 15
-24
Convert 1111 (base 2) to base 13.
12
Convert 12112 (base 3) to base 4.
2111
Convert -56 (base 11) to base 3.
-2021
Convert 10011100 (base 2) to base 14.
b2
28 (base 15) to base 9
42
-60 (base 11) to base 9
-73
Convert -4 (base 13) to base 2.
-100
What is -2 (base 6) in base 7?
-2
11 (base 10) to base 11
10
-8 (base 16) to base 9
-8
-39 (base 14) to base 12
-43
Convert 2 (base 14) to base 10.
2
What is -16 (base 14) in base 6?
-32
What is 12 (base 13) in base 10?
15
What is 6 (base 15) in base 12?
6
What is 1121 (base 4) in base 14?
65
10200 (base 3) to base 12
83
What is 123 (base 9) in base 16?
66
What is -10 (base 2) in base 10?
-2
What is 23 (base 5) in base 16?
d
Convert -101 (base 3) to base 14.
-a
What is 0 (base 5) in base 8?
0
What is -1011 (base 2) in base 7?
-14
What is 0 (base 9) in base 14?
0
What is 3 (base 16) in base 2?
11
Convert 3 (base 14) to base 4.
3
Convert 10001 (base 2) to base 3.
122
Convert 5 (base 8) to base 9.
5
What is 3 (base 10) in base 4?
3
What is 1001100 (base 2) in base 3?
2211
Convert -203 (base 7) to base 5.
-401
58 (base 14) to base 2
1001110
Convert 244 (base 5) to base 13.
59
-1 (base 10) to base 7
-1
Convert -11c (base 13) to base 2.
-11000010
What is -2 (base 6) in base 3?
-2
Convert 78 (base 10) to base 2.
1001110
What is 1 (base 10) in base 7?
1
Convert 3 (base 13) to base 10.
3
Convert 22 (base 6) to base 5.
24
-91 (base 13) to base 3
-11101
0 (base 10) to base 15
0
131 (base 7) to base 8
107
What is -1130 (base 5) in base 10?
-165
Convert -1 (base 11) to base 16.
-1
What is -13 (base 11) in base 6?
-22
What is 4 (base 10) in base 5?
4
-3 (base 14) to base 7
-3
What is -3 (base 11) in base 10?
-3
What is -11122 (base 3) in base 6?
-325
Convert -3 (base 10) to base 13.
-3
Convert -12 (base 15) to base 7.
-23
What is -22 (base 8) in base 13?
-15
-56 (base 15) to base 10
-81
What is 54 (base 13) in base 15?
49
-4 (base 6) to base 15
-4
What is 3 (base 12) in base 4?
3
What is 16 (base 11) in base 7?
23
What is 12 (base 9) in base 11?
10
What is 32 (base 11) in base 7?
50
What is 26 (base 14) in base 10?
34
-4 (base 16) to base 8
-4
Convert -233 (base 5) to base 15.
-48
What is -111 (base 3) in base 9?
-14
0 (base 10) to base 3
0
Convert -5 (base 7) to base 5.
-10
What is -137 (base 15) in base 14?
-15b
2 (base 4) to base 3
2
What is 0 (base 12) in base 9?
0
-34 (base 12) to base 13
-31
What is -19 (base 13) in base 15?
-17
-4 (base 8) to base 6
-4
Convert -100010 (base 2) to base 11.
-31
1000 (base 3) to base 9
30
515 (base 6) to base 4
2333
What is 2133 (base 4) in base 2?
10011111
Convert 3311 (base 4) to base 12.
185
111 (base 2) to base 15
7
-3 (base 15) to base 7
-3
What is 3 (base 13) in base 12?
3
Convert 0 (base 12) to base 2.
0
Convert 3 (base 11) to base 12.
3
8 (base 13) to base 2
1000
What is -5 (base 13) in base 10?
-5
Convert -36 (base 9) to base 4.
-201
Convert 40 (base 8) to base 3.
1012
What is -22 (base 3) in base 10?
-8
Convert 23 (base 9) to base 15.
16
What is 1 (base 5) in base 9?
1
3 (base 16) to base 12
3
Convert -18 (base 15) to base 11.
-21
What is 2 (base 15) in base 7?
2
Convert 114 (base 9) to base 3.
10111
Convert 6 (base 8) to base 6.
10
Convert 1001100 (base 2) to base 5.
301
Convert 101 (base 2) to base 13.
5
Convert -5 (base 10) to base 11.
-5
-23 (base 13) to base 16
-1d
What is -2 (base 9) in base 4?
-2
Convert -8 (base 16) to base 9.
-8
-4 (base 11) to base 2
-100
c9 (base 15) to base 2
10111101
Convert 243 (base 8) to base 7.
322
Convert 53 (base 7) to base 11.
35
What is 2 (base 6) in base 10?
2
Convert 0 (base 9) to base 14.
0
Convert 2 (base 11) to base 16.
2
What is 27 (base 14) in base 10?
35
What is 1 (base 7) in base 16?
1
Convert 1004 (base 6) to base 13.
13c
1c6 (base 15) to base 10
411
What is 1a (base 13) in base 16?
17
a (base 14) to base 6
14
-13 (base 16) to base 13
-16
What is 33 (base 16) in base 10?
51
-12121 (base 3) to base 14
-ab
-13 (base 4) to base 5
-12
What is 3 (base 12) in base 9?
3
-3 (base 6) to base 4
-3
2 (base 4) to base 6
2
What is -3 (base 8) in base 5?
-3
What is 7 (base 16) in base 12?
7
10 (base 3) to base 10
3
What is -2 (base 9) in base 7?
-2
What is -65 (base 7) in base 10?
-47
Convert -14 (base 7) to base 2.
-1011
3 (base 11) to base 8
3
4 (base 8) to base 7
4
111 (base 3) to base 4
31
-3 (base 13) to base 8
-3
3b (base 14) to base 13
41
What is 167 (base 11) in base 16?
c2
148 (base 12) to base 5
1300
What is 3 (base 7) in base 8?
3
101101 (base 2) to base 5
140
What is -2 (base 11) in base 4?
-2
What is -29 (base 14) in base 7?
-52
Convert 8a (base 13) to base 16.
72
Convert 2 (base 3) to base 16.
2
-1 (base 10) to base 4
-1
110 (base 5) to base 8
36
What is -4 (base 9) in base 14?
-4
0 (base 7) to base 14
0
Convert 1000111 (base 2) to base 15.
4b
Convert -1 (base 6) to base 4.
-1
-324 (base 7) to base 8
-245
-411 (base 8) to base 3
-100211
-2 (base 8) to base 9
-2
Convert -2 (base 11) to base 8.
-2
Convert -3 (base 10) to base 3.
-10
What is 0 (base 15) in base 2?
0
Convert 1102 (base 3) to base 12.
32
Convert 1 (base 